t is the highest common factor of l and a?
32
Suppose -5*c + 587 = 37. Let y be (-13)/3 - 6/9. Let h(t) = t**2 + t + 2. Let w be h(y). What is the greatest common divisor of w and c?
22
Let d be (-4)/(-16) + 95/4. Let b be (126/(-28))/((-2)/d). Suppose 0 = t - 18 - b. Calculate the highest common divisor of t and 18.
18
Let g be 16*(0 + 7/2). Let c = -181 - -183. Suppose 0 = 2*w - 3*a - 59, 2*w - 16 = -c*a + 38. What is the greatest common divisor of g and w?
28
Let o = -29 - -194. Let n(l) = -l**2 - 7*l - 5. Let w be n(-6). Let u(i) = 16*i**2 - 1. Let b be u(w). Calculate the highest common factor of o and b.
15
Let k = -14 + 37. Let w = -11 + k. Let y be (-50)/(-4) + (-6)/w. What is the greatest common divisor of y and 108?
12
Let v(s) = s**2 - 4*s + 75. Let r be v(0). Suppose -2*f + r + 25 = 0. What is the highest common divisor of f and 550?
50
Let i be 7/(-28)*(-56)/2 - (-9)/(-3). Suppose -9 = 6*u - 3*u. Let d be (-4)/u*18/4. Calculate the greatest common factor of d and i.
2
Let b be 16 - 8 - (-1 + 0). Let g = 0 + b. What is the highest common divisor of g and 9?
9
Suppose 4*b = 5*f - 28, 2 = -5*f - 4*b + 14. Suppose 2*l - i - 57 = 0, 4*l = -i + 2*i + 113. What is the greatest common divisor of l and f?
4
Suppose 3*v + 4*h - 1126 = 0, 5*v - 1499 = v - 3*h. What is the greatest common divisor of v and 11?
11
Let q = -78 - -170. What is the highest common divisor of 46 and q?
46
Let z(d) = d**3 - 16*d**2 + 16*d + 1. Let k be z(15). Let g(a) = a + 14. Let j be g(k). What is the greatest common divisor of j and 10?
10
Let n = -124 + 93. Let q = n - -47. What is the highest common divisor of q and 176?
16
Suppose -2*b + 5*b - 27 = 0. Suppose -3*d + l = -2*d - 4, -12 = -3*d - 2*l. Suppose -93 = -d*x + 15. Calculate the highest common factor of b and x.
9
Suppose 4*a - 3*a - 11 = 0. Suppose 0 = -j + 6*j - 20. Suppose j*o = o + 297. Calculate the greatest common factor of o and a.
11
Suppose 5*w = -2*a, 15 - 3 = w - 2*a. Suppose 5 = w*b - 3*i, -4*b + 5 = -b - 2*i. Let d be -5*b*(-147)/35. Calculate the highest common factor of 3 and d.
3
Suppose 918 = 4*u - 218. What is the highest common factor of u and 12?
4
Suppose 27*x - 1125 = 22*x. Calculate the greatest common divisor of x and 9.
9
Let k = 15 - 0. Let i = 3 + -12. Let m be 1/(-2)*10*i. What is the highest common factor of m and k?
15
Let z = 1600 - 1559. Calculate the highest common divisor of 1189 and z.
41
Let c be -2*(5 + -4)/((-4)/2). Suppose 15*x = 31 - c. Calculate the greatest common factor of x and 22.
2
Suppose 5*m - 1131 = 299. Let u = 53 + -27. What is the greatest common divisor of u and m?
26
Let d(t) = 2*t**2 + t - 3. Suppose -5*r + 82 - 92 = 0. Let b be d(r). What is the greatest common divisor of 2 and b?
1
Suppose 5*y - 183 = 292. What is the greatest common factor of 5 and y?
5
Let y be (-9)/((5/25)/(-1)). Calculate the highest common divisor of 60 and y.
15
Let t = 1587 - 1467. Let o = 122 + -42. Calculate the highest common divisor of t and o.
40
Let j be (5/4)/((-1)/(-44)). Let b(z) = -2*z**3 + 11*z**2 - 4*z + 6. Let m be b(5). What is the highest common divisor of j and m?
11
Let w be 15/(-6)*21312/(-90). Calculate the highest common divisor of 80 and w.
16
Suppose -4*z = -2*c - 172, 5*z + 3*c - 212 = 4*c. Let u be 59 + 9 + 10/(-2). What is the greatest common divisor of z and u?
21
Suppose 11*s = -8*s + 14326. What is the highest common factor of s and 58?
58
Let j be (12/(-42))/(1/7). Let c be 872/36 + j/9. Let f(z) = -2*z + 2. Let r be f(-2). Calculate the greatest common divisor of r and c.
6
Let q = -252 + 253. What is the greatest common divisor of q and 1?
1
Suppose 3*r + 2*r = 30. Suppose -405 = 39*k - 30*k. Let t = 21 - k. Calculate the greatest common divisor of t and r.
6
Suppose 0 = -12*i + 13*i - q - 7, 4*i + 5*q = 64. Let h be (-5 + -6)/((-2)/10). What is the greatest common divisor of i and h?
11
Let j be (-5 - 21172/(-60)) + (-4)/(-30). Calculate the greatest common factor of 36 and j.
12
Let j = 7 - -22. Let v = 31 - j. Suppose -z - v*y + 11 = -13, -3*z + y = -93. What is the highest common factor of z and 45?
15
Let r(k) = -2*k + 11. Suppose 4*z - z + 3*g = -36, 3*z - 2*g + 16 = 0. Let v be r(z). Let l = 474 + -231. What is the highest common divisor of l and v?
27
Suppose -2*k - 3*c + 109 = 0, 37*k + 4*c = 42*k - 330. Calculate the greatest common divisor of 1178 and k.
62
Let l(b) = -17*b + 238. Let m be l(10). Calculate the greatest common divisor of m and 51.
17
Let d = -87 - -107. What is the greatest common factor of d and 240?
20
Suppose 8*w - 69 = 171. What is the highest common factor of 390 and w?
30
Let m(o) = -4*o + 2. Let c be (-7 + -6)*(0 + 2/2). Let a be m(c). Calculate the highest common divisor of 6 and a.
6
Let f = -2996 + 3101. What is the highest common divisor of f and 175?
35
Let x be ((-12)/14)/(4/(-14)). Suppose -2*f - 1 = x, 2*y + 5*f - 48 = 0. Calculate the greatest common factor of y and 261.
29
Let r = 632 - 480. Calculate the greatest common divisor of 133 and r.
19
Let d(h) be the second derivative of -2*h**3/3 + h**2/2 + 24*h. Let i be d(-12). What is the highest common factor of 7 and i?
7
Suppose 7 = 3*o + 1. Suppose 0 = o*w - 0*w - 24. Calculate the greatest common divisor of w and 96.
12
Let c(j) = -3*j - 13. Let r(l) = -4*l - 15. Let b(m) = 5*c(m) - 4*r(m). Let i be b(8). Calculate the highest common factor of i and 75.
3
Let k(b) = -b**3 + 5*b**2 - 4*b + 5. Let p be k(5). Let i(t) = -16*t - 9. Let c be i(p). Calculate the highest common divisor of c and 21.
21
Let s = 276 - 214. Calculate the highest common divisor of 93 and s.
31
Suppose 2*c - 4 = 2*b, 0 = -3*b - b + 8. Let q be (-2220)/(-666)*(-12)/(-10). What is the highest common divisor of c and q?
4
Let c = -539 + 320. Let a = -232 + 83. Let s = a - c. Calculate the greatest common divisor of s and 28.
14
Let q = 92 - 33. Let a = 71 - q. Calculate the greatest common divisor of a and 8.
4
Suppose 9*q - 52 = 182. Calculate the greatest common factor of q and 4.
2
Let o be (-191)/(-5) + 12/(-60). Let z = o + -33. What is the highest common divisor of 35 and z?
5
Let s(k) = k**2 + 7*k - 33. Let l be s(5). Calculate the greatest common factor of l and 81.
27
Suppose 0 = -2*n - 0*p + 4*p - 2, -4*p + 3 = -n. Suppose 0*v - v + n = 0. What is the greatest common factor of 9 and v?
1
Suppose 0 = -2*f + 4*f - 5*h - 91, 0 = -4*f + h + 155. Let s = f - 16. Calculate the greatest common divisor of s and 242.
22
Let i = -241 + 509. Let x = i + -69. Let m = x - -32. What is the highest common factor of m and 21?
21
Let v(z) = -3*z**3 - 10*z**2 - 50*z + 55. Let h be v(-5). Calculate the highest common factor of 50 and h.
10
Suppose -143 = 5*o + 57. Let t = 82 + o. What is the greatest common divisor of 28 and t?
14
Suppose 12*a - 68 = 11*a. Let y be 19 + -12 - (-42 - 2). Calculate the greatest common factor of a and y.
17
Let a(h) = h**2 + 27*h + 10. Let z be a(-27). Let r = -7 - -13. Suppose r*q - 4*q = z. What is the highest common factor of 5 and q?
5
Let p = -18 + 23. Suppose -207 + 17 = -p*r. What is the greatest common factor of 95 and r?
19
Let l be (363/22)/(((-2)/72)/(-1)). Calculate the highest common divisor of 66 and l.
66
Let j = 6 - 3. Suppose z - 17 = 3*m, -m - 3*z = -4*z + 5. Let h be 6 - (9/j + m). Calculate the greatest common divisor of 99 and h.
9
Let o(k) = 8*k**2 - 2*k - 1. Suppose -3*d - 12 = -7*d. Let i be o(d). What is the highest common divisor of 26 and i?
13
Let h(v) = -229*v + 1. Let c be h(-1). Let o be (2208/(-120))/((-44)/55). What is the greatest common divisor of c and o?
23
Let b(k) = -k**2 - 29*k + 75. Let v be b(-31). What is the highest common factor of v and 871?
13
Let d(p) = p. Let k(l) = 5*l + 13. Let a(m) = 6*d(m) - 2*k(m). Let j be a(-8). Let h be (15/j)/((-8)/(-16)). Calculate the greatest common divisor of 55 and h.
5
Suppose -323 = -11*w + 557. What is the highest common divisor of 304 and w?
16
Let u = 544 + -517. Calculate the greatest common divisor of 6 and u.
3
Suppose 0 = -3*x - 32 + 164. Calculate the greatest common divisor of x and 33.
11
Suppose 14*w - 64 = 11*w - 4*v, w - v = 19. Calculate the greatest common divisor of 25 and w.
5
Let s(c) = -4*c - 19. Let q be s(-6). Suppose -4*t = -q*t + 45. Calculate the hi